 - c. Let m be 9*29 - w/8. Suppose -m - 80 = -4*i. Calculate the remainder when i is divided by 22.
19
Let u(h) = -h**3 + 5*h**2 - 2*h - 5. Calculate the remainder when (-5)/65 - (-1888)/208 is divided by u(4).
0
Let f(j) = -j**3 + 4*j**2 + 14*j + 33. Calculate the remainder when f(-6) is divided by 32.
21
Let b be 2/(-4*1)*-4. What is the remainder when (104 - 108)/(((-4)/(-7))/(-2)) is divided by (b/(-4))/((-1)/16)?
6
Let z = 183 + -109. Suppose -3*j + 5*j + w = z, -2*j = 3*w - 74. Calculate the remainder when 104 is divided by j.
30
Suppose 0 = -2*z - 2*q - 36, z + 5*q + 0*q = -18. Let u(c) = c**3 + 17*c**2 - 19*c + 4. Calculate the remainder when 57 is divided by u(z).
13
What is the remainder when -295*1/(-3) + 78/117 is divided by 18?
9
Let i be 166/4 + (-2)/4. Let j = i - 3. Calculate the remainder when 73 is divided by j.
35
Let d = -26 + 51. Let p(j) = -j**3 - j**2 + 6*j - 9. Let k be p(4). Let r = -51 - k. What is the remainder when d is divided by r?
11
Let s = -72 + 86. Calculate the remainder when 36 is divided by s.
8
Let w(v) = 2*v**2 + 16*v - 9. Let s be w(-9). Suppose 88 - 34 = s*i. Calculate the remainder when (2 - 10)/((-3)/6) is divided by i.
4
Suppose -j + 3*l = 90, -3*l = -2*j + 34 - 199. Let g = -22 - j. Calculate the remainder when g is divided by 14.
11
Let w(c) = c**3 - 44*c**2 + 44*c + 38. What is the remainder when w(43) is divided by 39?
3
What is the remainder when -4 + 2 + 49 + -8 is divided by (-4)/(-16) + 39/4?
9
Suppose -460*t + 471*t = 2959. What is the remainder when t is divided by 55?
49
Suppose 0 = 54*c - 44*c - 270. Calculate the remainder when 156 is divided by c.
21
Let t(n) = -n**2 + 45*n - 257. Calculate the remainder when t(38) is divided by 2.
1
Suppose -2*m - 46 = -f - 2*f, -f - 3 = 3*m. Suppose -f*u = -7*u - 125. What is the remainder when 49 is divided by u?
24
Let n(i) = -i**2 + i + 6. Let u be n(3). Suppose -2*a - 3*a = -5*t + 150, -2*t + 4*a + 54 = u. Calculate the remainder when t is divided by 2*-34*1/(-4).
16
Let c(q) = 4*q + 1. Let m(o) = o**3 + 12*o**2 - 3*o - 13. Calculate the remainder when m(-12) is divided by c(3).
10
Let d = -208 + 261. Calculate the remainder when d is divided by 30.
23
Let k = 62 - 25. Calculate the remainder when -1*(0 - k)*2 is divided by 25.
24
Suppose -32*q + 3598 = -18*q. Calculate the remainder when q is divided by 13.
10
Let x(n) = 2*n - 8. Let j be (-320)/(-48) - 2/3. What is the remainder when x(j) is divided by 2?
0
Let l(x) = -10*x - 196. What is the remainder when 178 is divided by l(-20)?
2
Let b(x) = -x**3 - 12*x**2 - 13*x - 13. Let i be 20/(-2) + (-12 - -11). Calculate the remainder when b(i) is divided by ((-6)/(-8))/((-3)/(-24)).
3
Let z = -414 + 456. What is the remainder when 66 is divided by z?
24
Let d(p) = 18*p - 93. What is the remainder when 62 is divided by d(7)?
29
Let a = 54 - 38. Let g = a - 15. Let u(d) = 16*d + 1. What is the remainder when u(g) is divided by 6?
5
Suppose -d = 4*v - 0*v - 490, 4*d - 8 = 0. Calculate the remainder when 248 is divided by v.
4
What is the remainder when 498 is divided by (5 - 11)*(-172)/8?
111
Calculate the remainder when 4 - (-2 - (2 + -4)) is divided by (-6*1 - 169/(-26))*8.
0
Let k(s) = s**2 - 13*s - 38. What is the remainder when 11 is divided by k(16)?
1
Suppose -2*i = -5*a, -4*a - 2*i = -i - 13. Suppose 76 = -a*p + 4*p. Calculate the remainder when 106 is divided by p.
30
What is the remainder when ((-524)/(-6))/2 - (-50)/(-75) is divided by 17?
9
Let w(v) = -5*v**2 - 106*v - 9. Calculate the remainder when w(-20) is divided by 19.
16
Let m(o) = 183*o + 729. What is the remainder when m(24) is divided by 109?
107
Let a = 37 + -5. Suppose -3*k + 46 = -4*p, 3*k = k + 4*p + a. Let f(j) = j**3 + 6*j**2 - 6*j - 1. Calculate the remainder when f(-5) is divided by k.
12
What is the remainder when 10/(-4)*(-456)/10 is divided by 13?
10
Let x(b) = -14*b**3 - b - 2. Suppose 50 = -a + 2*a. Calculate the remainder when a is divided by x(-1).
11
Let o(v) = -2*v**2 + 48*v + 18. What is the remainder when o(22) is divided by 10?
6
Let a = -18 - -24. Let n(j) = j**3 - 5*j**2 - 5*j + 3. Let l be n(a). Let o = 16 - l. What is the remainder when o is divided by 5?
2
Suppose 0 = -8*g + 48. Suppose -3*c + 3*p = 7*p - 24, 3*c = 2*p + g. What is the remainder when 10 is divided by c?
2
Let j(g) = g**2 + 15*g - 16. What is the remainder when 124 is divided by j(-17)?
16
What is the remainder when 187 is divided by (28/(-10))/(65/(-650))?
19
What is the remainder when 46*(3 + (-20)/8) is divided by (-12)/(-24) - (-15)/2?
7
Let h = -119 + 171. What is the remainder when 100 is divided by h?
48
Calculate the remainder when 187 is divided by 82/5 + -1*(-12)/(-30).
11
Let w(k) = -k**2 + 34*k - 25. What is the remainder when 22 is divided by w(33)?
6
Suppose -5 = 3*m + 1. Let p = 2 + m. Suppose 4*o - 72 = -i, 3*o + p*o + 2*i - 59 = 0. What is the remainder when o is divided by 6?
5
Suppose 3*y = -2*p - 2*p + 702, -2*p = 4*y - 356. What is the remainder when p is divided by 35?
34
Let a = -14 + 19. Suppose -5*q = -2*l - l - 70, a*q - l = 60. Calculate the remainder when q is divided by 7 - (3 - (1 + -2)).
2
Let r(v) = 1 + 37 + 15*v + v**2 + 7 + 11. What is the remainder when 64 is divided by r(-10)?
4
Let k(j) = j**3 + 2*j**2 - 5*j - 3. Let p be 68/6*6/4. Suppose m - p = -14. What is the remainder when k(-3) is divided by m?
0
Let c(v) = -62*v - 54. Let q(t) = -395*t**2 - t. Let f be q(-1). Calculate the remainder when f/(-11) - (-2)/11 is divided by c(-1).
4
Suppose -4*m + 543 = -l, -22*m + 2*l = -19*m - 411. Let k(n) = -n**3 - n**2 + 46. What is the remainder when m is divided by k(0)?
43
Let z(n) = n**2 - 19*n + 92. What is the remainder when z(14) is divided by 15?
7
Let l be (-497)/3 - 30/(-45). Let r = l + 264. What is the remainder when r is divided by 6/(-30) - (-342)/10?
31
Let v be (-26)/(-65) - 16/(-10). Let y be -2*(0 - (-1)/v). What is the remainder when (60/14)/(y/(-7)) is divided by 11?
8
Let j = 11 + -6. Let a = 0 + j. Suppose -a*r + r = -60. What is the remainder when 43 is divided by r?
13
Let x(a) = a + 17. Let j be x(-13). Suppose 4*y = -3*z + 5*y + 39, j*z = -y + 52. Suppose 2*v = -v + 108. Calculate the remainder when v is divided by z.
10
Suppose 3*s = -0*i - 5*i + 125, -2*i + 3*s + 29 = 0. What is the remainder when 205*(0 - 3/(-6)) - 39/(-26) is divided by i?
16
Suppose -2*a - 6*x = -5*x - 61, -x = -4*a + 113. What is the remainder when 84 is divided by a?
26
Let z = -11 - -15. Suppose 0 = 5*p + 4*x - 34, -5*p - x = -z*x - 27. Calculate the remainder when (-1 - -28) + -9 - 9 is divided by p.
3
Let j(g) = 3*g + 1. Let z be j(1). Suppose f + 222 = z*f. Calculate the remainder when (-2 + 6)*f/8 is divided by 13.
11
Suppose -y = -5*z - 33, 0 = 5*y - 4*z - 5 - 223. What is the remainder when 174 is divided by y?
30
Let t be (4/(-8))/((-1)/20). Let n(x) = 2*x + 1. Calculate the remainder when n(t) is divided by ((-1)/3)/(5/(-90)).
3
Suppose 4*c + 3*a = 72, c = 4*a - 0*a + 37. Let d(q) = 3*q + 2*q - 4*q + 6. Calculate the remainder when c is divided by d(6).
9
Let q = -7 + 20. Let z(b) = -6*b + 1. Let h = 5 + -6. Calculate the remainder when q is divided by z(h).
6
Let o(s) = -7*s + 5. Let u be o(1). Let a(w) = -23*w - 13. What is the remainder when a(u) is divided by 17?
16
Suppose 22 = d + 2. Suppose -2*k - 18 = -4*y - 0*y, 36 = 4*y + 4*k. What is the remainder when d is divided by y?
2
Suppose -3*l = 0, 10 = r - 4*l + 8. What is the remainder when 26 - 0 - (-2 + r) is divided by 4?
2
Let w(u) be the first derivative of u**4/4 + 3*u**3 + 5*u**2/2 - 19*u + 1. What is the remainder when 13 is divided by w(-8)?
3
Let u(b) = -4*b**3 + 2*b**2 + 7*b + 5. What is the remainder when 71 is divided by u(-2)?
9
Suppose -3*d + 34 + 23 = 0. Suppose -27*f + 1491 = -6*f. What is the remainder when f is divided by d?
14
Let g(m) = m**3 + 15*m**2 + 2*m - 17. Let n be g(-14). Suppose -3*h + 5*h + v = n, 3*h + 5*v - 223 = 0. Calculate the remainder when h is divided by 26.
24
Suppose 12*u - 13*u + 11 = h, -2*h - 4*u + 12 = 0. What is the remainder when h is divided by 15?
1
Let z = 264 + -269. Let u(t) be the second derivative of -t**3/2 + t**2 - t. What is the remainder when 49 is divided by u(z)?
15
Let h = 247 + -241. C